{"id":487,"date":"2022-09-24T12:30:41","date_gmt":"2022-09-24T12:30:41","guid":{"rendered":"https:\/\/theme.madsparrow.me\/most\/?post_type=product&#038;p=487"},"modified":"2025-10-13T15:35:14","modified_gmt":"2025-10-13T15:35:14","slug":"summit-walking","status":"publish","type":"product","link":"https:\/\/lahygroup.com\/ckb\/product\/summit-walking\/","title":{"rendered":"D\u00eezayin\u00ee \u00e7end\u00een flakes\u00eak bo be\u015fand\u00ee d\u00eekt\u00ee \u0633\u0645art"},"content":{"rendered":"<p>\u062f\u06cc\u0632\u0627\u06cc\u0646\u06cc \u0686\u06d5\u0646\u062f \u0641\u0644\u06ce\u06a9\u0633\u06ce\u06a9 \u0628\u06c6 \u062f\u06d5\u06a9\u062a\u06cc \u0633\u0645\u0627\u0631\u062a \u06a9\u06d5 \u0628\u06d5 \u0642\u06d5\u0628\u0627\u0631\u06d5\u06cc \u062c\u06cc\u0627\u0648\u0627\u0632 \u0628\u06c6 \u0647\u06d5\u06b5\u0648\u0627\u0633\u06cc\u0646 \u0648 \u0628\u06c6 \u0633\u06d5\u0631 \u0626\u06c6\u062a\u06c6\u0645\u0628\u06ce\u0644\u06cc \u062f\u0648\u0648 \u062a\u06d5\u0646\u06cc\u0634<\/p>","protected":false},"excerpt":{"rendered":"<p>\u0686\u06d5\u0646\u062f \u06a9\u0627\u0631\u06ce\u06a9\u06cc \u0646\u0627\u0648\u0627\u0632\u06d5 \u0648\u00a0 \u062c\u0648\u0627\u0646 \u0628\u06c6 \u0633\u062a\u0627\u0641\u06d5 \u062c\u0648\u0627\u0646\u06d5\u06a9\u06d5\u06cc \u062f\u06d5\u06a9\u062a\u06cc \u0633\u0645\u0627\u0631\u062a<\/p>\n<p>\u0628\u06d5 \u062e\u06c6\u0634\u062d\u0627\u06b5\u06cc\u06cc\u06d5\u0648\u06d5 \u0686\u06d5\u0646\u062f \u062f\u06cc\u0632\u0627\u06cc\u0646\u06ce\u06a9\u06cc \u0642\u06d5\u0628\u0627\u0631\u06d5 \u062c\u06cc\u0627\u0648\u0627\u0632\u0645\u0627\u0646 \u0628\u06c6 \u06a9\u0631\u062f\u0646 \u0644\u06d5 \u067e\u06c6\u0633\u062a\u06d5\u0631\u06d5\u0648\u06d5 \u062a\u0627\u0648\u06d5\u06a9\u0648 \u0642\u06cc\u0627\u0633\u06cc \u062f\u0648\u0648 \u062a\u06d5\u0646\u06cc \u0648 \u0641\u0644\u06ce\u06a9\u0633\u06cc \u06af\u06d5\u0648\u0631\u06d5\u06cc \u0633\u06d5\u0631 \u0628\u06cc\u0646\u0627<\/p>","protected":false},"featured_media":3493,"comment_status":"open","ping_status":"closed","template":"","meta":{"_acf_changed":false,"_monsterinsights_skip_tracking":false,"_monsterinsights_sitenote_active":false,"_monsterinsights_sitenote_note":"","_monsterinsights_sitenote_category":0},"product_brand":[],"product_cat":[70,69],"product_tag":[72,71],"class_list":{"0":"post-487","1":"product","2":"type-product","3":"status-publish","4":"has-post-thumbnail","6":"product_cat-70","7":"product_cat-69","8":"product_tag-72","9":"product_tag-71","11":"first","12":"outofstock","13":"shipping-taxable","14":"product-type-simple"},"acf":[],"aioseo_notices":[],"_links":{"self":[{"href":"https:\/\/lahygroup.com\/ckb\/wp-json\/wp\/v2\/product\/487","targetHints":{"allow":["GET"]}}],"collection":[{"href":"https:\/\/lahygroup.com\/ckb\/wp-json\/wp\/v2\/product"}],"about":[{"href":"https:\/\/lahygroup.com\/ckb\/wp-json\/wp\/v2\/types\/product"}],"replies":[{"embeddable":true,"href":"https:\/\/lahygroup.com\/ckb\/wp-json\/wp\/v2\/comments?post=487"}],"wp:featuredmedia":[{"embeddable":true,"href":"https:\/\/lahygroup.com\/ckb\/wp-json\/wp\/v2\/media\/3493"}],"wp:attachment":[{"href":"https:\/\/lahygroup.com\/ckb\/wp-json\/wp\/v2\/media?parent=487"}],"wp:term":[{"taxonomy":"product_brand","embeddable":true,"href":"https:\/\/lahygroup.com\/ckb\/wp-json\/wp\/v2\/product_brand?post=487"},{"taxonomy":"product_cat","embeddable":true,"href":"https:\/\/lahygroup.com\/ckb\/wp-json\/wp\/v2\/product_cat?post=487"},{"taxonomy":"product_tag","embeddable":true,"href":"https:\/\/lahygroup.com\/ckb\/wp-json\/wp\/v2\/product_tag?post=487"}],"curies":[{"name":"wp","href":"https:\/\/api.w.org\/{rel}","templated":true}]}}